{"id":27,"date":"2025-02-24T14:57:43","date_gmt":"2025-02-24T13:57:43","guid":{"rendered":"https:\/\/leddesign.hu\/?page_id=27"},"modified":"2025-04-15T21:51:29","modified_gmt":"2025-04-15T19:51:29","slug":"kapcsolat","status":"publish","type":"page","link":"https:\/\/leddesign.hu\/?page_id=27","title":{"rendered":"Kapcsolat"},"content":{"rendered":"\n<p class=\"has-text-color has-link-color wp-elements-0a4f6925fd12932379fb98bf8c871a7c\" style=\"color:#070707\"><strong>Lengyel Csaba e.v.<\/strong><\/p>\n\n\n\n<p class=\"has-text-color has-link-color wp-elements-2b92a6ca3eaf7f0ea15f4f863c716864\" style=\"color:#000000\"><strong>2911 Mocsa, D\u00f3zsa Gy\u00f6rgy u. 27.<\/strong><\/p>\n\n\n\n<p class=\"has-text-color has-link-color wp-elements-4e3b980a0bf583e14b0fa1d546326d88\" style=\"color:#010101\"><strong>csaba.lengyel@leddesign.hu<\/strong><\/p>\n\n\n\n<p class=\"has-text-color has-link-color wp-elements-add97b4f895afe5717ef6c8228eca87f\" style=\"border-style:none;border-width:0px;color:#000000\"><strong>+36 70 210 6693<\/strong><\/p>\n\n\n\n<p><strong><mark style=\"background-color:rgba(0, 0, 0, 0);color:#000000\" class=\"has-inline-color\">Ad\u00f3sz\u00e1m: 90998575-1-31<\/mark><\/strong><\/p>\n\n\n\n<p><\/p>\n","protected":false},"excerpt":{"rendered":"<p>Lengyel Csaba e.v. 2911 Mocsa, D\u00f3zsa Gy\u00f6rgy u. 27. csaba.lengyel@leddesign.hu +36 70 210 6693 Ad\u00f3sz\u00e1m: 90998575-1-31<\/p>\n","protected":false},"author":1,"featured_media":0,"parent":0,"menu_order":0,"comment_status":"closed","ping_status":"closed","template":"","meta":{"site-container-style":"default","site-container-layout":"default","site-sidebar-layout":"default","site-transparent-header":"default","disable-article-header":"default","disable-site-header":"default","disable-site-footer":"default","disable-content-area-spacing":"default","footnotes":""},"class_list":["post-27","page","type-page","status-publish","hentry"],"yoast_head":"<!-- This site is optimized with the Yoast SEO plugin v26.6 - https:\/\/yoast.com\/wordpress\/plugins\/seo\/ -->\n<title>Kapcsolat - Led Design M\u0171hely<\/title>\n<meta name=\"robots\" content=\"index, follow, max-snippet:-1, max-image-preview:large, max-video-preview:-1\" \/>\n<link rel=\"canonical\" href=\"https:\/\/leddesign.hu\/?page_id=27\" \/>\n<meta property=\"og:locale\" content=\"hu_HU\" \/>\n<meta property=\"og:type\" content=\"article\" \/>\n<meta property=\"og:title\" content=\"Kapcsolat - Led Design M\u0171hely\" \/>\n<meta property=\"og:description\" content=\"Lengyel Csaba e.v. 2911 Mocsa, D\u00f3zsa Gy\u00f6rgy u. 27. csaba.lengyel@leddesign.hu +36 70 210 6693 Ad\u00f3sz\u00e1m: 90998575-1-31\" \/>\n<meta property=\"og:url\" content=\"https:\/\/leddesign.hu\/?page_id=27\" \/>\n<meta property=\"og:site_name\" content=\"Led Design M\u0171hely\" \/>\n<meta property=\"article:modified_time\" content=\"2025-04-15T19:51:29+00:00\" \/>\n<meta name=\"twitter:card\" content=\"summary_large_image\" \/>\n<script type=\"application\/ld+json\" class=\"yoast-schema-graph\">{\"@context\":\"https:\/\/schema.org\",\"@graph\":[{\"@type\":\"WebPage\",\"@id\":\"https:\/\/leddesign.hu\/?page_id=27\",\"url\":\"https:\/\/leddesign.hu\/?page_id=27\",\"name\":\"Kapcsolat - Led Design M\u0171hely\",\"isPartOf\":{\"@id\":\"https:\/\/leddesign.hu\/#website\"},\"datePublished\":\"2025-02-24T13:57:43+00:00\",\"dateModified\":\"2025-04-15T19:51:29+00:00\",\"breadcrumb\":{\"@id\":\"https:\/\/leddesign.hu\/?page_id=27#breadcrumb\"},\"inLanguage\":\"hu\",\"potentialAction\":[{\"@type\":\"ReadAction\",\"target\":[\"https:\/\/leddesign.hu\/?page_id=27\"]}]},{\"@type\":\"BreadcrumbList\",\"@id\":\"https:\/\/leddesign.hu\/?page_id=27#breadcrumb\",\"itemListElement\":[{\"@type\":\"ListItem\",\"position\":1,\"name\":\"Kezd\u0151lap\",\"item\":\"https:\/\/leddesign.hu\/\"},{\"@type\":\"ListItem\",\"position\":2,\"name\":\"Kapcsolat\"}]},{\"@type\":\"WebSite\",\"@id\":\"https:\/\/leddesign.hu\/#website\",\"url\":\"https:\/\/leddesign.hu\/\",\"name\":\"Led Design M\u0171hely\",\"description\":\"Villanyszerel\u00e9s \u00e9s LED vil\u00e1g\u00edt\u00e1s\",\"potentialAction\":[{\"@type\":\"SearchAction\",\"target\":{\"@type\":\"EntryPoint\",\"urlTemplate\":\"https:\/\/leddesign.hu\/?s={search_term_string}\"},\"query-input\":{\"@type\":\"PropertyValueSpecification\",\"valueRequired\":true,\"valueName\":\"search_term_string\"}}],\"inLanguage\":\"hu\"}]}<\/script>\n<!-- \/ Yoast SEO plugin. -->","yoast_head_json":{"title":"Kapcsolat - Led Design M\u0171hely","robots":{"index":"index","follow":"follow","max-snippet":"max-snippet:-1","max-image-preview":"max-image-preview:large","max-video-preview":"max-video-preview:-1"},"canonical":"https:\/\/leddesign.hu\/?page_id=27","og_locale":"hu_HU","og_type":"article","og_title":"Kapcsolat - Led Design M\u0171hely","og_description":"Lengyel Csaba e.v. 2911 Mocsa, D\u00f3zsa Gy\u00f6rgy u. 27. csaba.lengyel@leddesign.hu +36 70 210 6693 Ad\u00f3sz\u00e1m: 90998575-1-31","og_url":"https:\/\/leddesign.hu\/?page_id=27","og_site_name":"Led Design M\u0171hely","article_modified_time":"2025-04-15T19:51:29+00:00","twitter_card":"summary_large_image","schema":{"@context":"https:\/\/schema.org","@graph":[{"@type":"WebPage","@id":"https:\/\/leddesign.hu\/?page_id=27","url":"https:\/\/leddesign.hu\/?page_id=27","name":"Kapcsolat - Led Design M\u0171hely","isPartOf":{"@id":"https:\/\/leddesign.hu\/#website"},"datePublished":"2025-02-24T13:57:43+00:00","dateModified":"2025-04-15T19:51:29+00:00","breadcrumb":{"@id":"https:\/\/leddesign.hu\/?page_id=27#breadcrumb"},"inLanguage":"hu","potentialAction":[{"@type":"ReadAction","target":["https:\/\/leddesign.hu\/?page_id=27"]}]},{"@type":"BreadcrumbList","@id":"https:\/\/leddesign.hu\/?page_id=27#breadcrumb","itemListElement":[{"@type":"ListItem","position":1,"name":"Kezd\u0151lap","item":"https:\/\/leddesign.hu\/"},{"@type":"ListItem","position":2,"name":"Kapcsolat"}]},{"@type":"WebSite","@id":"https:\/\/leddesign.hu\/#website","url":"https:\/\/leddesign.hu\/","name":"Led Design M\u0171hely","description":"Villanyszerel\u00e9s \u00e9s LED vil\u00e1g\u00edt\u00e1s","potentialAction":[{"@type":"SearchAction","target":{"@type":"EntryPoint","urlTemplate":"https:\/\/leddesign.hu\/?s={search_term_string}"},"query-input":{"@type":"PropertyValueSpecification","valueRequired":true,"valueName":"search_term_string"}}],"inLanguage":"hu"}]}},"_links":{"self":[{"href":"https:\/\/leddesign.hu\/index.php?rest_route=\/wp\/v2\/pages\/27","targetHints":{"allow":["GET"]}}],"collection":[{"href":"https:\/\/leddesign.hu\/index.php?rest_route=\/wp\/v2\/pages"}],"about":[{"href":"https:\/\/leddesign.hu\/index.php?rest_route=\/wp\/v2\/types\/page"}],"author":[{"embeddable":true,"href":"https:\/\/leddesign.hu\/index.php?rest_route=\/wp\/v2\/users\/1"}],"replies":[{"embeddable":true,"href":"https:\/\/leddesign.hu\/index.php?rest_route=%2Fwp%2Fv2%2Fcomments&post=27"}],"version-history":[{"count":8,"href":"https:\/\/leddesign.hu\/index.php?rest_route=\/wp\/v2\/pages\/27\/revisions"}],"predecessor-version":[{"id":239,"href":"https:\/\/leddesign.hu\/index.php?rest_route=\/wp\/v2\/pages\/27\/revisions\/239"}],"wp:attachment":[{"href":"https:\/\/leddesign.hu\/index.php?rest_route=%2Fwp%2Fv2%2Fmedia&parent=27"}],"curies":[{"name":"wp","href":"https:\/\/api.w.org\/{rel}","templated":true}]}}