{"id":49,"date":"2025-02-24T20:36:54","date_gmt":"2025-02-24T19:36:54","guid":{"rendered":"https:\/\/leddesign.hu\/?page_id=49"},"modified":"2025-03-02T10:12:35","modified_gmt":"2025-03-02T09:12:35","slug":"rolunk","status":"publish","type":"page","link":"https:\/\/leddesign.hu\/?page_id=49","title":{"rendered":"R\u00f3lunk"},"content":{"rendered":"\n<p class=\"has-text-color has-link-color wp-elements-dc5323f450dd9d4a275711a5a86fdca7\" style=\"color:#000000\"><strong>Lengyel Csaba<\/strong><\/p>\n\n\n\n<p class=\"has-text-color has-link-color wp-elements-5ddb4ca6e8e4ab150f386fad973d68d1\" style=\"color:#000000\">Villanyszerel\u0151 szakk\u00e9pes\u00edt\u00e9semet 2002-ben szereztem meg, akkor m\u00e9g \u00c1ltal\u00e1nos villanyszerel\u0151 megnevez\u00e9s alatt, mely szakmacsoport mag\u00e1ban foglalja a gyenge- \u00e9s er\u0151s\u00e1ram\u00fa berendez\u00e9sek, valamint \u00e9p\u00fcletvillamoss\u00e1gi ismereteket 1 kV fesz\u00fclts\u00e9gszintig. <\/p>\n\n\n\n<p class=\"has-text-color has-link-color wp-elements-bf0b0ec70166a117373a48945ec29c52\" style=\"color:#000000\">P\u00e1lyafut\u00e1somat 2003-ban kezdtem egy f\u0151k\u00e9nt \u00e9p\u00fcletvillamos\u00edt\u00e1ssal foglalkoz\u00f3 c\u00e9gn\u00e9l, majd 2004-ben egy m\u00e1sik c\u00e9ghez igazoltam \u00e1t, ahol \u00e9p\u00fclet\u00fczemeltet\u00e9ssel (Facility Management) foglalkoztam, ami egy komplex r\u00e1l\u00e1t\u00e1st adott az automatiz\u00e1l\u00e1sra, \u00e9p\u00fcletg\u00e9p\u00e9szetre, \u00e9p\u00fcletfel\u00fcgyeleti rendszerekre, HVAC technol\u00f3gi\u00e1kra, \u00e9p\u00fcletek biztons\u00e1gtechnik\u00e1j\u00e1ra, LAN h\u00e1l\u00f3zatok kialak\u00edt\u00e1saira, s\u0171r\u00edtett leveg\u0151 el\u0151\u00e1ll\u00edt\u00e1sra, valamint a c\u00e9g tov\u00e1bbi tev\u00e9kenys\u00e9ge r\u00e9v\u00e9n rengeteg kivitelez\u0151i tapasztalatot szereztem az ipari l\u00e9tes\u00edtm\u00e9nyek elektromos h\u00e1l\u00f3zat\u00e1nak kialak\u00edt\u00e1s\u00e1r\u00f3l. 2006-t\u00f3l m\u00e1r mint csoportvezet\u0151 tev\u00e9kenykedtem, amellyel \u00fajabb ismeretekre tehettem szert, \u00edgy p\u00e9ld\u00e1ul vezet\u0151i tapasztalatok, \u00e1raj\u00e1nlatokhoz anyagig\u00e9nyek felm\u00e9r\u00e9se, stb.       A c\u00e9g 2007-es \u00e1trendez\u0151d\u00e9se k\u00f6vetkezt\u00e9ben egy multinacion\u00e1lis v\u00e1llalathoz ker\u00fcltem, ahol g\u00e9pbe\u00e1ll\u00edt\u00f3 \u00e9s karbantart\u00f3 technikusk\u00e9nt dolgoztam, \u00fajabb ismereteket szerezve az automatiz\u00e1l\u00e1s \u00e9s gy\u00e1rt\u00f3sori robotok ter\u00fclet\u00e9n, tov\u00e1bb\u00e1 elv\u00e9geztem egy pneumatikai \u00e9s egy angol tanfolyamot is, melyben a k\u00f6z\u00e9phalad\u00f3 szintet teljes\u00edtettem, ezzel p\u00e1rhuzamosan pedig m\u00e1sodfoglalkoz\u00e1sban villanyszerel\u00e9ssel foglalkoztam lakoss\u00e1gi ter\u00fcleten.<\/p>\n\n\n\n<p class=\"has-text-color has-link-color wp-elements-9e4c9b66b46410e8e503c86308851589\" style=\"color:#000000\">A bek\u00f6sz\u00f6nt\u0151 gazdas\u00e1gi v\u00e1ls\u00e1g hat\u00e1sak\u00e9nt 2009-ben ism\u00e9t m\u00e1sik munkahelyet voltam k\u00e9nytelen keresni, \u00edgy ker\u00fcltem egy ipari h\u0151cser\u00e9l\u0151ket gy\u00e1rt\u00f3 v\u00e1llalathoz, ahol 2011-t\u0151l speci\u00e1lis projektesnek emeltek ki, majd 2013-t\u00f3l csoportvezet\u0151 helyettesnek, 2018-t\u00f3l pedig csoportvezet\u0151k\u00e9nt 40 f\u0151s villanyszerel\u0151 csapat vezet\u00e9se volt a feladatom, mely l\u00e9tsz\u00e1m a termel\u00e9s \u00e1tszervez\u00e9se ut\u00e1n 25 f\u0151re reduk\u00e1l\u00f3dott. Ezen id\u0151 alatt megszereztem a jogos\u00edtv\u00e1nyt gyalogk\u00eds\u00e9ret\u0171 \u00e9s vezet\u0151\u00fcl\u00e9ses targonc\u00e1kra, illetve emel\u0151g\u00e9pekre. Tud\u00e1somat vezet\u0151i tr\u00e9ningeken val\u00f3 r\u00e9szv\u00e9telekkel b\u0151v\u00edtettem, valamint rengeteg tapasztalattal az ipari h\u0171t\u00e9sr\u0151l, azok vez\u00e9rl\u00e9si megold\u00e1sair\u00f3l, v\u00e1llalatir\u00e1ny\u00edt\u00e1si rendszerekr\u0151l, k\u00e9szletgazd\u00e1lkod\u00e1sr\u00f3l \u00e9s gy\u00e1rt\u00e1stervez\u00e9sr\u0151l. 2022-t\u0151l termel\u00e9st\u00e1mogat\u00f3 poz\u00edci\u00f3t t\u00f6lt\u00f6k be, ahol tev\u00e9kenys\u00e9geim k\u00f6z\u00e9 tartozik a ter\u00fcletfejleszt\u00e9s, eszk\u00f6zbeszerz\u00e9si javaslatok t\u00e9tele \u00e9s kidolgoz\u00e1sa, adminisztrat\u00edv feladatok, technikai t\u00e1mogat\u00e1s, k\u00e9szletgazd\u00e1lkod\u00e1s\/k\u00e9szletoptimaliz\u00e1l\u00e1s, k\u00fclf\u00f6ldi gy\u00e1rt\u00f3egys\u00e9gekkel t\u00f6rt\u00e9n\u0151 kapcsolattart\u00e1s, dokumentumok (ellen\u0151rz\u00e9si jegyz\u0151k\u00f6nyvek, munkautas\u00edt\u00e1sok) k\u00e9sz\u00edt\u00e9se \u00e9s friss\u00edt\u00e9se, javaslatt\u00e9tel gy\u00e1rt\u00e1si dokument\u00e1ci\u00f3 m\u00f3dos\u00edt\u00e1sra, stb.<\/p>\n\n\n\n<p class=\"has-text-color has-link-color wp-elements-3095abefb7590b4a7f444d81bb2d8873\" style=\"color:#000000\">A LED technol\u00f3gi\u00e1val nagyj\u00e1b\u00f3l a teljes\u00edtm\u00e9ny ledek megjelen\u00e9s\u00e9vel kezdtem el foglalkozni eleinte dekor\u00e1ci\u00f3s c\u00e9lb\u00f3l, majd a ledes f\u00e9nyforr\u00e1sok hat\u00e9konyabb\u00e1 v\u00e1l\u00e1s\u00e1val egyre gyakoribb felhaszn\u00e1l\u00f3 lettem, illetve  aj\u00e1nlottam mindenkinek energiahat\u00e9konys\u00e1guk, hossz\u00fa \u00e9lettartamuk \u00e9s sz\u00e1mos el\u0151ny\u00fck miatt. <\/p>\n\n\n\n<p class=\"has-text-color has-link-color wp-elements-45849f702608661851d143f53cf0aa2e\" style=\"color:#000000\">V\u00e1llalkoz\u00e1som elind\u00edt\u00e1sa egy \u00faj m\u00e9rf\u00f6ldk\u0151 a szakmai fejl\u0151d\u00e9semben. C\u00e9lom a megrendel\u0151im ig\u00e9nyeinek kiel\u00e9g\u00edt\u00e9se, amelyet elhivatotts\u00e1ggal, szakmai hozz\u00e1\u00e9rt\u00e9ssel, gondos \u00e9s prec\u00edz kivitelez\u00e9ssel, t\u00e1mogat\u00e1ssal \u00e9s tan\u00e1csad\u00e1ssal, bev\u00e1lt \u00e9s min\u0151s\u00e9gi anyagok be\u00e9p\u00edt\u00e9s\u00e9vel, innovat\u00edv megold\u00e1sokkal \u00e9s megfizethet\u0151 \u00e1rakkal k\u00edv\u00e1nok megval\u00f3s\u00edtani.<\/p>\n\n\n\n<p class=\"has-text-color has-link-color wp-elements-0390490dd7cffe27d2c4808bd832bc47\" style=\"color:#000000\">B\u00edzom benne, hogy hamarosan \u00d6nt is el\u00e9gedett \u00fcgyfeleim k\u00f6z\u00f6tt k\u00f6sz\u00f6nthetem!<\/p>\n\n\n\n<p class=\"has-text-color has-link-color wp-elements-46242b8be97bd38aab63b2bb757f3fdd\" style=\"color:#000000\"><\/p>\n\n\n\n<p class=\"has-kenta-base-200-color has-text-color has-link-color wp-elements-1b87db292b84a2e8f0ec75c567a78c01\"><\/p>\n","protected":false},"excerpt":{"rendered":"<p>Lengyel Csaba Villanyszerel\u0151 szakk\u00e9pes\u00edt\u00e9semet 2002-ben szereztem meg, akkor m\u00e9g \u00c1ltal\u00e1nos villanyszerel\u0151 megnevez\u00e9s alatt, mely szakmacsoport mag\u00e1ban foglalja a gyenge- \u00e9s er\u0151s\u00e1ram\u00fa berendez\u00e9sek, valamint \u00e9p\u00fcletvillamoss\u00e1gi ismereteket 1 kV fesz\u00fclts\u00e9gszintig. P\u00e1lyafut\u00e1somat 2003-ban kezdtem egy f\u0151k\u00e9nt \u00e9p\u00fcletvillamos\u00edt\u00e1ssal foglalkoz\u00f3 c\u00e9gn\u00e9l, majd 2004-ben egy m\u00e1sik c\u00e9ghez igazoltam \u00e1t, ahol \u00e9p\u00fclet\u00fczemeltet\u00e9ssel (Facility Management) foglalkoztam, ami egy komplex r\u00e1l\u00e1t\u00e1st adott az automatiz\u00e1l\u00e1sra, [&hellip;]<\/p>\n","protected":false},"author":1,"featured_media":0,"parent":0,"menu_order":0,"comment_status":"closed","ping_status":"closed","template":"","meta":{"site-container-style":"default","site-container-layout":"default","site-sidebar-layout":"default","site-transparent-header":"default","disable-article-header":"default","disable-site-header":"default","disable-site-footer":"default","disable-content-area-spacing":"default","footnotes":""},"class_list":["post-49","page","type-page","status-publish","hentry"],"yoast_head":"<!-- This site is optimized with the Yoast SEO plugin v26.6 - https:\/\/yoast.com\/wordpress\/plugins\/seo\/ -->\n<title>R\u00f3lunk - Led Design M\u0171hely<\/title>\n<meta name=\"robots\" content=\"index, follow, max-snippet:-1, max-image-preview:large, max-video-preview:-1\" \/>\n<link rel=\"canonical\" href=\"https:\/\/leddesign.hu\/?page_id=49\" \/>\n<meta property=\"og:locale\" content=\"hu_HU\" \/>\n<meta property=\"og:type\" content=\"article\" \/>\n<meta property=\"og:title\" content=\"R\u00f3lunk - Led Design M\u0171hely\" \/>\n<meta property=\"og:description\" content=\"Lengyel Csaba Villanyszerel\u0151 szakk\u00e9pes\u00edt\u00e9semet 2002-ben szereztem meg, akkor m\u00e9g \u00c1ltal\u00e1nos villanyszerel\u0151 megnevez\u00e9s alatt, mely szakmacsoport mag\u00e1ban foglalja a gyenge- \u00e9s er\u0151s\u00e1ram\u00fa berendez\u00e9sek, valamint \u00e9p\u00fcletvillamoss\u00e1gi ismereteket 1 kV fesz\u00fclts\u00e9gszintig. P\u00e1lyafut\u00e1somat 2003-ban kezdtem egy f\u0151k\u00e9nt \u00e9p\u00fcletvillamos\u00edt\u00e1ssal foglalkoz\u00f3 c\u00e9gn\u00e9l, majd 2004-ben egy m\u00e1sik c\u00e9ghez igazoltam \u00e1t, ahol \u00e9p\u00fclet\u00fczemeltet\u00e9ssel (Facility Management) foglalkoztam, ami egy komplex r\u00e1l\u00e1t\u00e1st adott az automatiz\u00e1l\u00e1sra, [&hellip;]\" \/>\n<meta property=\"og:url\" content=\"https:\/\/leddesign.hu\/?page_id=49\" \/>\n<meta property=\"og:site_name\" content=\"Led Design M\u0171hely\" \/>\n<meta property=\"article:modified_time\" content=\"2025-03-02T09:12:35+00:00\" \/>\n<meta name=\"twitter:card\" content=\"summary_large_image\" \/>\n<meta name=\"twitter:label1\" content=\"Becs\u00fclt olvas\u00e1si id\u0151\" \/>\n\t<meta name=\"twitter:data1\" content=\"3 perc\" \/>\n<script type=\"application\/ld+json\" class=\"yoast-schema-graph\">{\"@context\":\"https:\/\/schema.org\",\"@graph\":[{\"@type\":\"WebPage\",\"@id\":\"https:\/\/leddesign.hu\/?page_id=49\",\"url\":\"https:\/\/leddesign.hu\/?page_id=49\",\"name\":\"R\u00f3lunk - Led Design M\u0171hely\",\"isPartOf\":{\"@id\":\"https:\/\/leddesign.hu\/#website\"},\"datePublished\":\"2025-02-24T19:36:54+00:00\",\"dateModified\":\"2025-03-02T09:12:35+00:00\",\"breadcrumb\":{\"@id\":\"https:\/\/leddesign.hu\/?page_id=49#breadcrumb\"},\"inLanguage\":\"hu\",\"potentialAction\":[{\"@type\":\"ReadAction\",\"target\":[\"https:\/\/leddesign.hu\/?page_id=49\"]}]},{\"@type\":\"BreadcrumbList\",\"@id\":\"https:\/\/leddesign.hu\/?page_id=49#breadcrumb\",\"itemListElement\":[{\"@type\":\"ListItem\",\"position\":1,\"name\":\"Kezd\u0151lap\",\"item\":\"https:\/\/leddesign.hu\/\"},{\"@type\":\"ListItem\",\"position\":2,\"name\":\"R\u00f3lunk\"}]},{\"@type\":\"WebSite\",\"@id\":\"https:\/\/leddesign.hu\/#website\",\"url\":\"https:\/\/leddesign.hu\/\",\"name\":\"Led Design M\u0171hely\",\"description\":\"Villanyszerel\u00e9s \u00e9s LED vil\u00e1g\u00edt\u00e1s\",\"potentialAction\":[{\"@type\":\"SearchAction\",\"target\":{\"@type\":\"EntryPoint\",\"urlTemplate\":\"https:\/\/leddesign.hu\/?s={search_term_string}\"},\"query-input\":{\"@type\":\"PropertyValueSpecification\",\"valueRequired\":true,\"valueName\":\"search_term_string\"}}],\"inLanguage\":\"hu\"}]}<\/script>\n<!-- \/ Yoast SEO plugin. -->","yoast_head_json":{"title":"R\u00f3lunk - Led Design M\u0171hely","robots":{"index":"index","follow":"follow","max-snippet":"max-snippet:-1","max-image-preview":"max-image-preview:large","max-video-preview":"max-video-preview:-1"},"canonical":"https:\/\/leddesign.hu\/?page_id=49","og_locale":"hu_HU","og_type":"article","og_title":"R\u00f3lunk - Led Design M\u0171hely","og_description":"Lengyel Csaba Villanyszerel\u0151 szakk\u00e9pes\u00edt\u00e9semet 2002-ben szereztem meg, akkor m\u00e9g \u00c1ltal\u00e1nos villanyszerel\u0151 megnevez\u00e9s alatt, mely szakmacsoport mag\u00e1ban foglalja a gyenge- \u00e9s er\u0151s\u00e1ram\u00fa berendez\u00e9sek, valamint \u00e9p\u00fcletvillamoss\u00e1gi ismereteket 1 kV fesz\u00fclts\u00e9gszintig. P\u00e1lyafut\u00e1somat 2003-ban kezdtem egy f\u0151k\u00e9nt \u00e9p\u00fcletvillamos\u00edt\u00e1ssal foglalkoz\u00f3 c\u00e9gn\u00e9l, majd 2004-ben egy m\u00e1sik c\u00e9ghez igazoltam \u00e1t, ahol \u00e9p\u00fclet\u00fczemeltet\u00e9ssel (Facility Management) foglalkoztam, ami egy komplex r\u00e1l\u00e1t\u00e1st adott az automatiz\u00e1l\u00e1sra, [&hellip;]","og_url":"https:\/\/leddesign.hu\/?page_id=49","og_site_name":"Led Design M\u0171hely","article_modified_time":"2025-03-02T09:12:35+00:00","twitter_card":"summary_large_image","twitter_misc":{"Becs\u00fclt olvas\u00e1si id\u0151":"3 perc"},"schema":{"@context":"https:\/\/schema.org","@graph":[{"@type":"WebPage","@id":"https:\/\/leddesign.hu\/?page_id=49","url":"https:\/\/leddesign.hu\/?page_id=49","name":"R\u00f3lunk - Led Design M\u0171hely","isPartOf":{"@id":"https:\/\/leddesign.hu\/#website"},"datePublished":"2025-02-24T19:36:54+00:00","dateModified":"2025-03-02T09:12:35+00:00","breadcrumb":{"@id":"https:\/\/leddesign.hu\/?page_id=49#breadcrumb"},"inLanguage":"hu","potentialAction":[{"@type":"ReadAction","target":["https:\/\/leddesign.hu\/?page_id=49"]}]},{"@type":"BreadcrumbList","@id":"https:\/\/leddesign.hu\/?page_id=49#breadcrumb","itemListElement":[{"@type":"ListItem","position":1,"name":"Kezd\u0151lap","item":"https:\/\/leddesign.hu\/"},{"@type":"ListItem","position":2,"name":"R\u00f3lunk"}]},{"@type":"WebSite","@id":"https:\/\/leddesign.hu\/#website","url":"https:\/\/leddesign.hu\/","name":"Led Design M\u0171hely","description":"Villanyszerel\u00e9s \u00e9s LED vil\u00e1g\u00edt\u00e1s","potentialAction":[{"@type":"SearchAction","target":{"@type":"EntryPoint","urlTemplate":"https:\/\/leddesign.hu\/?s={search_term_string}"},"query-input":{"@type":"PropertyValueSpecification","valueRequired":true,"valueName":"search_term_string"}}],"inLanguage":"hu"}]}},"_links":{"self":[{"href":"https:\/\/leddesign.hu\/index.php?rest_route=\/wp\/v2\/pages\/49","targetHints":{"allow":["GET"]}}],"collection":[{"href":"https:\/\/leddesign.hu\/index.php?rest_route=\/wp\/v2\/pages"}],"about":[{"href":"https:\/\/leddesign.hu\/index.php?rest_route=\/wp\/v2\/types\/page"}],"author":[{"embeddable":true,"href":"https:\/\/leddesign.hu\/index.php?rest_route=\/wp\/v2\/users\/1"}],"replies":[{"embeddable":true,"href":"https:\/\/leddesign.hu\/index.php?rest_route=%2Fwp%2Fv2%2Fcomments&post=49"}],"version-history":[{"count":9,"href":"https:\/\/leddesign.hu\/index.php?rest_route=\/wp\/v2\/pages\/49\/revisions"}],"predecessor-version":[{"id":114,"href":"https:\/\/leddesign.hu\/index.php?rest_route=\/wp\/v2\/pages\/49\/revisions\/114"}],"wp:attachment":[{"href":"https:\/\/leddesign.hu\/index.php?rest_route=%2Fwp%2Fv2%2Fmedia&parent=49"}],"curies":[{"name":"wp","href":"https:\/\/api.w.org\/{rel}","templated":true}]}}